{"id":5768,"date":"2018-02-22T10:44:56","date_gmt":"2018-02-22T09:44:56","guid":{"rendered":"http:\/\/fratersajolad.hu\/?page_id=5768"},"modified":"2025-10-02T09:49:18","modified_gmt":"2025-10-02T07:49:18","slug":"szivessegbank","status":"publish","type":"page","link":"https:\/\/fratersajolad.hu\/?page_id=5768","title":{"rendered":"Sz\u00edvess\u00e9gbank"},"content":{"rendered":"<p><span><strong>Iskol\u00e1nk az EFOP-1.3.5-16-2016-00644 T\u00e1rsadalmi szerepv\u00e1llal\u00e1s er\u0151s\u00edt\u00e9se a k\u00f6z\u00f6ss\u00e9gek fejleszt\u00e9s\u00e9vel c\u00edm\u0171 p\u00e1ly\u00e1zat keret\u00e9ben SZ\u00cdVESS\u00c9GBANKOT ind\u00edt.<\/strong><\/span><\/p>\n<p><span>Programunkban sz\u00edvess\u00e9gek ad\u00e1s\u00e1ra \u00e9s elfogad\u00e1s\u00e1ra lesz lehet\u0151s\u00e9g.<\/span><\/p>\n<p><span> Bankunkban a felaj\u00e1nlott sz\u00edvess\u00e9geket gy\u0171jtj\u00fck \u00f6ssze.<\/span><\/p>\n<p><span>A program legfontosabb alapelve a felaj\u00e1nl\u00f3 \u00e9s az ig\u00e9nybe vev\u0151 k\u00f6lcs\u00f6n\u00f6s tisztelete egym\u00e1s ir\u00e1nt, valamint az \u00f6nk\u00e9ntess\u00e9g, mely a szereteten \u00e9s a bizalmon alapszik. A szolg\u00e1ltat\u00e1s ig\u00e9nybev\u00e9tele ingyenes, a felaj\u00e1nl\u00f3nak jelk\u00e9pesen megk\u00f6sz\u00f6nj\u00fck adom\u00e1ny\u00e1t eml\u00e9klappal, iskolai rendezv\u00e9nyeinkre megh\u00edvjuk, \u00e9s a megval\u00f3s\u00edt\u00e1sr\u00f3l sz\u00f3l\u00f3 tud\u00f3s\u00edt\u00e1st az iskola honlapj\u00e1n megjelentetj\u00fck a felaj\u00e1nl\u00f3 hozz\u00e1j\u00e1rul\u00e1s\u00e1val.<\/span><\/p>\n<p><span>B\u00e1rmilyen tev\u00e9kenys\u00e9gr\u0151l sz\u00f3 lehet, amivel seg\u00edteni tudunk egym\u00e1snak.\u00a0<\/span><\/p>\n<p><span>Az ig\u00e9nyek, illetve a felaj\u00e1nl\u00e1sok egym\u00e1sra tal\u00e1l\u00e1sa \u00e9rdek\u00e9ben iskol\u00e1nk k\u00f6zvet\u00edt\u0151 szerepet v\u00e1llal. Sz\u00edvess\u00e9gbankunkban \u00f6sszegy\u0171jtj\u00fck \u00e9s folyamatosan k\u00f6zz\u00e9 tessz\u00fck az ig\u00e9nyeket \u00e9s felaj\u00e1nl\u00e1sokat.<\/span><\/p>\n<p><span>V\u00e1rjuk azon \u00e9rdekl\u0151d\u0151ket, akik sz\u00edvesen csatlakoznak hozz\u00e1nk felaj\u00e1nl\u00e1saikkal:<\/span><\/p>\n<p><span>e-mail: frater.sajolad@gmail.com<\/span><\/p>\n<p><span>telefon: (46) 593 213<\/span><\/p>\n<p><span>szem\u00e9lyesen:\u00a0 Szab\u00f3 Zs\u00f3fia igazgat\u00f3n\u00e1l<\/span><\/p>\n","protected":false},"excerpt":{"rendered":"<p>Iskol\u00e1nk az EFOP-1.3.5-16-2016-00644 T\u00e1rsadalmi szerepv\u00e1llal\u00e1s er\u0151s\u00edt\u00e9se a k\u00f6z\u00f6ss\u00e9gek fejleszt\u00e9s\u00e9vel c\u00edm\u0171 p\u00e1ly\u00e1zat keret\u00e9ben SZ\u00cdVESS\u00c9GBANKOT ind\u00edt. Programunkban sz\u00edvess\u00e9gek ad\u00e1s\u00e1ra \u00e9s elfogad\u00e1s\u00e1ra lesz lehet\u0151s\u00e9g. Bankunkban a felaj\u00e1nlott sz\u00edvess\u00e9geket gy\u0171jtj\u00fck \u00f6ssze. A program legfontosabb alapelve a felaj\u00e1nl\u00f3 \u00e9s az ig\u00e9nybe vev\u0151 k\u00f6lcs\u00f6n\u00f6s tisztelete egym\u00e1s ir\u00e1nt, valamint az \u00f6nk\u00e9ntess\u00e9g, mely a szereteten \u00e9s a bizalmon alapszik. A szolg\u00e1ltat\u00e1s ig\u00e9nybev\u00e9tele ingyenes, &#8230;<\/p>\n","protected":false},"author":2,"featured_media":0,"parent":945,"menu_order":1,"comment_status":"closed","ping_status":"closed","template":"","meta":{"footnotes":""},"class_list":["post-5768","page","type-page","status-publish","hentry"],"_links":{"self":[{"href":"https:\/\/fratersajolad.hu\/index.php?rest_route=\/wp\/v2\/pages\/5768","targetHints":{"allow":["GET"]}}],"collection":[{"href":"https:\/\/fratersajolad.hu\/index.php?rest_route=\/wp\/v2\/pages"}],"about":[{"href":"https:\/\/fratersajolad.hu\/index.php?rest_route=\/wp\/v2\/types\/page"}],"author":[{"embeddable":true,"href":"https:\/\/fratersajolad.hu\/index.php?rest_route=\/wp\/v2\/users\/2"}],"replies":[{"embeddable":true,"href":"https:\/\/fratersajolad.hu\/index.php?rest_route=%2Fwp%2Fv2%2Fcomments&post=5768"}],"version-history":[{"count":5,"href":"https:\/\/fratersajolad.hu\/index.php?rest_route=\/wp\/v2\/pages\/5768\/revisions"}],"predecessor-version":[{"id":10340,"href":"https:\/\/fratersajolad.hu\/index.php?rest_route=\/wp\/v2\/pages\/5768\/revisions\/10340"}],"up":[{"embeddable":true,"href":"https:\/\/fratersajolad.hu\/index.php?rest_route=\/wp\/v2\/pages\/945"}],"wp:attachment":[{"href":"https:\/\/fratersajolad.hu\/index.php?rest_route=%2Fwp%2Fv2%2Fmedia&parent=5768"}],"curies":[{"name":"wp","href":"https:\/\/api.w.org\/{rel}","templated":true}]}}